{"version":"1.0","provider_name":"Esthetic Aligner Portal CO","provider_url":"https:\/\/estheticaligner.com.co\/portal","author_name":"Marketing Esthetic Aligner","author_url":"https:\/\/estheticaligner.com.co\/portal\/author\/marketing\/","title":"Curso de Planejamento e Diagn\u00f3stico - Esthetic Aligner Portal CO","type":"rich","width":600,"height":338,"html":"<blockquote class=\"wp-embedded-content\" data-secret=\"pJ3vD00BQu\"><a href=\"https:\/\/estheticaligner.com.co\/portal\/curso-planejamento-diagnostico\/\">Curso de Planejamento e Diagn\u00f3stico<\/a><\/blockquote><iframe sandbox=\"allow-scripts\" security=\"restricted\" src=\"https:\/\/estheticaligner.com.co\/portal\/curso-planejamento-diagnostico\/embed\/#?secret=pJ3vD00BQu\" width=\"600\" height=\"338\" title=\"&#8220;Curso de Planejamento e Diagn\u00f3stico&#8221; &#8212; Esthetic Aligner Portal CO\" data-secret=\"pJ3vD00BQu\" frameborder=\"0\" marginwidth=\"0\" marginheight=\"0\" scrolling=\"no\" class=\"wp-embedded-content\"><\/iframe><script type=\"text\/javascript\">\n\/* <![CDATA[ *\/\n\/*! This file is auto-generated *\/\n!function(d,l){\"use strict\";l.querySelector&&d.addEventListener&&\"undefined\"!=typeof URL&&(d.wp=d.wp||{},d.wp.receiveEmbedMessage||(d.wp.receiveEmbedMessage=function(e){var t=e.data;if((t||t.secret||t.message||t.value)&&!\/[^a-zA-Z0-9]\/.test(t.secret)){for(var s,r,n,a=l.querySelectorAll('iframe[data-secret=\"'+t.secret+'\"]'),o=l.querySelectorAll('blockquote[data-secret=\"'+t.secret+'\"]'),c=new RegExp(\"^https?:$\",\"i\"),i=0;i<o.length;i++)o[i].style.display=\"none\";for(i=0;i<a.length;i++)s=a[i],e.source===s.contentWindow&&(s.removeAttribute(\"style\"),\"height\"===t.message?(1e3<(r=parseInt(t.value,10))?r=1e3:~~r<200&&(r=200),s.height=r):\"link\"===t.message&&(r=new URL(s.getAttribute(\"src\")),n=new URL(t.value),c.test(n.protocol))&&n.host===r.host&&l.activeElement===s&&(d.top.location.href=t.value))}},d.addEventListener(\"message\",d.wp.receiveEmbedMessage,!1),l.addEventListener(\"DOMContentLoaded\",function(){for(var e,t,s=l.querySelectorAll(\"iframe.wp-embedded-content\"),r=0;r<s.length;r++)(t=(e=s[r]).getAttribute(\"data-secret\"))||(t=Math.random().toString(36).substring(2,12),e.src+=\"#?secret=\"+t,e.setAttribute(\"data-secret\",t)),e.contentWindow.postMessage({message:\"ready\",secret:t},\"*\")},!1)))}(window,document);\n\/* ]]> *\/\n<\/script>\n","description":"[mk_page_section bg_image=&#8221;https:\/\/estheticaligner.com.co\/portal\/wp-content\/uploads\/alinhador-ortodontico-estetico-esthetic-aligner.jpg&#8221; bg_image_portrait=&#8221;https:\/\/estheticaligner.com.co\/portal\/wp-content\/uploads\/alinhador-ortodontico-estetico-esthetic-aligner_retrato-1.jpg&#8221; attachment=&#8221;fixed&#8221; bg_position=&#8221;center center&#8221; bg_stretch=&#8221;true&#8221; padding_top=&#8221;60&#8243; padding_bottom=&#8221;60&#8243; top_shape_color=&#8221;#ffffff&#8221; bottom_shape_style=&#8221;speech-bottom&#8221; bottom_shape_size=&#8221;small&#8221; bottom_shape_color=&#8221;#5a5ada&#8221; bottom_shape_bg_color=&#8221;#ffffff&#8221; section_id=&#8221;depoimentos&#8221; sidebar=&#8221;sidebar-1&#8243;][vc_column css=&#8221;.vc_custom_1465713607627{padding-right: 20px !important;padding-left: 20px !important;}&#8221;][mk_fancy_title color=&#8221;#ffffff&#8221; size=&#8221;40&#8243; font_weight=&#8221;200&#8243; txt_transform=&#8221;uppercase&#8221; margin_bottom=&#8221;0&#8243; font_family=&#8221;none&#8221; align=&#8221;center&#8221;]Curso de Diagn\u00f3stico e Planejamento[\/mk_fancy_title][vc_row_inner][vc_column_inner width=&#8221;1\/6&#8243;][\/vc_column_inner][vc_column_inner width=&#8221;2\/3&#8243;][mk_fancy_title color=&#8221;#ffffff&#8221; size=&#8221;20&#8243; font_weight=&#8221;bolder&#8221; txt_transform=&#8221;none&#8221; margin_bottom=&#8221;0&#8243; font_family=&#8221;none&#8221; align=&#8221;center&#8221;]An\u00e1lise Facial &#8211; An\u00e1lise Cefalom\u00e9trica Simplificada &#8211;\u00a0An\u00e1lise de Modelo Digital &#8211; Planejamento e Desenvolvimento de [&hellip;]"}

Curso de Planejamento e Diagnóstico - Esthetic Aligner Portal CO

<blockquote class="wp-embedded-content" data-secret="pJ3vD00BQu"><a href="https://estheticaligner.com.co/portal/curso-planejamento-diagnostico/">Curso de Planejamento e Diagnóstico</a></blockquote><iframe sandbox="allow-scripts" security="restricted" src="https://estheticaligner.com.co/portal/curso-planejamento-diagnostico/embed/#?secret=pJ3vD00BQu" width="600" height="338" title="&#8220;Curso de Planejamento e Diagnóstico&#8221; &#8212; Esthetic Aligner Portal CO" data-secret="pJ3vD00BQu" frameborder="0" marginwidth="0" marginheight="0" scrolling="no" class="wp-embedded-content"></iframe><script type="text/javascript">
/* <![CDATA[ */
/*! This file is auto-generated */
!function(d,l){"use strict";l.querySelector&&d.addEventListener&&"undefined"!=typeof URL&&(d.wp=d.wp||{},d.wp.receiveEmbedMessage||(d.wp.receiveEmbedMessage=function(e){var t=e.data;if((t||t.secret||t.message||t.value)&&!/[^a-zA-Z0-9]/.test(t.secret)){for(var s,r,n,a=l.querySelectorAll('iframe[data-secret="'+t.secret+'"]'),o=l.querySelectorAll('blockquote[data-secret="'+t.secret+'"]'),c=new RegExp("^https?:$","i"),i=0;i<o.length;i++)o[i].style.display="none";for(i=0;i<a.length;i++)s=a[i],e.source===s.contentWindow&&(s.removeAttribute("style"),"height"===t.message?(1e3<(r=parseInt(t.value,10))?r=1e3:~~r<200&&(r=200),s.height=r):"link"===t.message&&(r=new URL(s.getAttribute("src")),n=new URL(t.value),c.test(n.protocol))&&n.host===r.host&&l.activeElement===s&&(d.top.location.href=t.value))}},d.addEventListener("message",d.wp.receiveEmbedMessage,!1),l.addEventListener("DOMContentLoaded",function(){for(var e,t,s=l.querySelectorAll("iframe.wp-embedded-content"),r=0;r<s.length;r++)(t=(e=s[r]).getAttribute("data-secret"))||(t=Math.random().toString(36).substring(2,12),e.src+="#?secret="+t,e.setAttribute("data-secret",t)),e.contentWindow.postMessage({message:"ready",secret:t},"*")},!1)))}(window,document);
/* ]]> */
</script>

[mk_page_section bg_image=&#8221;https://estheticaligner.com.co/portal/wp-content/uploads/alinhador-ortodontico-estetico-esthetic-aligner.jpg&#8221; bg_image_portrait=&#8221;https://estheticaligner.com.co/portal/wp-content/uploads/alinhador-ortodontico-estetico-esthetic-aligner_retrato-1.jpg&#8221; attachment=&#8221;fixed&#8221; bg_position=&#8221;center center&#8221; bg_stretch=&#8221;true&#8221; padding_top=&#8221;60&#8243; padding_bottom=&#8221;60&#8243; top_shape_color=&#8221;#ffffff&#8221; bottom_shape_style=&#8221;speech-bottom&#8221; bottom_shape_size=&#8221;small&#8221; bottom_shape_color=&#8221;#5a5ada&#8221; bottom_shape_bg_color=&#8221;#ffffff&#8221; section_id=&#8221;depoimentos&#8221; sidebar=&#8221;sidebar-1&#8243;][vc_column css=&#8221;.vc_custom_1465713607627{padding-right: 20px !important;padding-left: 20px !important;}&#8221;][mk_fancy_title color=&#8221;#ffffff&#8221; size=&#8221;40&#8243; font_weight=&#8221;200&#8243; txt_transform=&#8221;uppercase&#8221; margin_bottom=&#8221;0&#8243; font_family=&#8221;none&#8221; align=&#8221;center&#8221;]Curso de Diagnóstico e Planejamento[/mk_fancy_title][vc_row_inner][vc_column_inner width=&#8221;1/6&#8243;][/vc_column_inner][vc_column_inner width=&#8221;2/3&#8243;][mk_fancy_title color=&#8221;#ffffff&#8221; size=&#8221;20&#8243; font_weight=&#8221;bolder&#8221; txt_transform=&#8221;none&#8221; margin_bottom=&#8221;0&#8243; font_family=&#8221;none&#8221; align=&#8221;center&#8221;]Análise Facial &#8211; Análise Cefalométrica Simplificada &#8211; Análise de Modelo Digital &#8211; Planejamento e Desenvolvimento de [&hellip;]
