{"version":"1.0","provider_name":"Esthetic Aligner Portal CO","provider_url":"https:\/\/estheticaligner.com.co\/portal","author_name":"Marketing Esthetic Aligner","author_url":"https:\/\/estheticaligner.com.co\/portal\/author\/marketing\/","title":"Classe I esqueletal e biprotus\u00e3o dent\u00e1ria - Esthetic Aligner Portal CO","type":"rich","width":600,"height":338,"html":"<blockquote class=\"wp-embedded-content\" data-secret=\"4w0wwrGZ6h\"><a href=\"https:\/\/estheticaligner.com.co\/portal\/classe-i-esqueletal-e-biprotusao-dentaria\/\">Classe I esqueletal e biprotus\u00e3o dent\u00e1ria<\/a><\/blockquote><iframe sandbox=\"allow-scripts\" security=\"restricted\" src=\"https:\/\/estheticaligner.com.co\/portal\/classe-i-esqueletal-e-biprotusao-dentaria\/embed\/#?secret=4w0wwrGZ6h\" width=\"600\" height=\"338\" title=\"&#8220;Classe I esqueletal e biprotus\u00e3o dent\u00e1ria&#8221; &#8212; Esthetic Aligner Portal CO\" data-secret=\"4w0wwrGZ6h\" frameborder=\"0\" marginwidth=\"0\" marginheight=\"0\" scrolling=\"no\" class=\"wp-embedded-content\"><\/iframe><script type=\"text\/javascript\">\n\/* <![CDATA[ *\/\n\/*! This file is auto-generated *\/\n!function(d,l){\"use strict\";l.querySelector&&d.addEventListener&&\"undefined\"!=typeof URL&&(d.wp=d.wp||{},d.wp.receiveEmbedMessage||(d.wp.receiveEmbedMessage=function(e){var t=e.data;if((t||t.secret||t.message||t.value)&&!\/[^a-zA-Z0-9]\/.test(t.secret)){for(var s,r,n,a=l.querySelectorAll('iframe[data-secret=\"'+t.secret+'\"]'),o=l.querySelectorAll('blockquote[data-secret=\"'+t.secret+'\"]'),c=new RegExp(\"^https?:$\",\"i\"),i=0;i<o.length;i++)o[i].style.display=\"none\";for(i=0;i<a.length;i++)s=a[i],e.source===s.contentWindow&&(s.removeAttribute(\"style\"),\"height\"===t.message?(1e3<(r=parseInt(t.value,10))?r=1e3:~~r<200&&(r=200),s.height=r):\"link\"===t.message&&(r=new URL(s.getAttribute(\"src\")),n=new URL(t.value),c.test(n.protocol))&&n.host===r.host&&l.activeElement===s&&(d.top.location.href=t.value))}},d.addEventListener(\"message\",d.wp.receiveEmbedMessage,!1),l.addEventListener(\"DOMContentLoaded\",function(){for(var e,t,s=l.querySelectorAll(\"iframe.wp-embedded-content\"),r=0;r<s.length;r++)(t=(e=s[r]).getAttribute(\"data-secret\"))||(t=Math.random().toString(36).substring(2,12),e.src+=\"#?secret=\"+t,e.setAttribute(\"data-secret\",t)),e.contentWindow.postMessage({message:\"ready\",secret:t},\"*\")},!1)))}(window,document);\n\/* ]]> *\/\n<\/script>\n","thumbnail_url":"https:\/\/estheticaligner.com.br\/portal\/wp-content\/uploads\/caso3.jpg","thumbnail_width":674,"thumbnail_height":458,"description":"[mk_page_section][vc_column][mk_image src=&#8221;https:\/\/estheticaligner.com.co\/portal\/wp-content\/uploads\/aparelho.png&#8221; image_size=&#8221;full&#8221; align=&#8221;center&#8221;][mk_fancy_title color_style=&#8221;gradient_color&#8221; grandient_color_from=&#8221;#43a5f4&#8243; grandient_color_to=&#8221;#5a5ada&#8221; grandient_color_angle=&#8221;diagonal_left_bottom&#8221; grandient_color_fallback=&#8221;#5678dc&#8221; size=&#8221;32&#8243; txt_transform=&#8221;uppercase&#8221; font_family=&#8221;none&#8221; align=&#8221;center&#8221;]CASO CL\u00cdNICO: Classe I\u00a0esqueletal e\u00a0biprotus\u00e3o dent\u00e1ria[\/mk_fancy_title][\/vc_column][\/mk_page_section][mk_page_section][vc_column][vc_row_inner][vc_column_inner width=&#8221;1\/6&#8243;][\/vc_column_inner][vc_column_inner width=&#8221;2\/3&#8243;][mk_image_slideshow images=&#8221;1964,1970,1965,1966,1971,1972&#8243; image_width=&#8221;1200&#8243; image_height=&#8221;900&#8243;][mk_padding_divider][vc_column_text css=&#8221;.vc_custom_1518789429512{margin-bottom: 0px !important;}&#8221;] Descri\u00e7\u00e3o do Caso: Paciente portadora de Classe I esqueletal e biprotus\u00e3o dent\u00e1ria. Caso tratado exclusivamente com os alinhadores da Esthetic Aligner. Note a grande mudan\u00e7a de \u00e2ngulo intericisivo obtida [&hellip;]"}

Classe I esqueletal e biprotusão dentária - Esthetic Aligner Portal CO

<blockquote class="wp-embedded-content" data-secret="4w0wwrGZ6h"><a href="https://estheticaligner.com.co/portal/classe-i-esqueletal-e-biprotusao-dentaria/">Classe I esqueletal e biprotusão dentária</a></blockquote><iframe sandbox="allow-scripts" security="restricted" src="https://estheticaligner.com.co/portal/classe-i-esqueletal-e-biprotusao-dentaria/embed/#?secret=4w0wwrGZ6h" width="600" height="338" title="&#8220;Classe I esqueletal e biprotusão dentária&#8221; &#8212; Esthetic Aligner Portal CO" data-secret="4w0wwrGZ6h" frameborder="0" marginwidth="0" marginheight="0" scrolling="no" class="wp-embedded-content"></iframe><script type="text/javascript">
/* <![CDATA[ */
/*! This file is auto-generated */
!function(d,l){"use strict";l.querySelector&&d.addEventListener&&"undefined"!=typeof URL&&(d.wp=d.wp||{},d.wp.receiveEmbedMessage||(d.wp.receiveEmbedMessage=function(e){var t=e.data;if((t||t.secret||t.message||t.value)&&!/[^a-zA-Z0-9]/.test(t.secret)){for(var s,r,n,a=l.querySelectorAll('iframe[data-secret="'+t.secret+'"]'),o=l.querySelectorAll('blockquote[data-secret="'+t.secret+'"]'),c=new RegExp("^https?:$","i"),i=0;i<o.length;i++)o[i].style.display="none";for(i=0;i<a.length;i++)s=a[i],e.source===s.contentWindow&&(s.removeAttribute("style"),"height"===t.message?(1e3<(r=parseInt(t.value,10))?r=1e3:~~r<200&&(r=200),s.height=r):"link"===t.message&&(r=new URL(s.getAttribute("src")),n=new URL(t.value),c.test(n.protocol))&&n.host===r.host&&l.activeElement===s&&(d.top.location.href=t.value))}},d.addEventListener("message",d.wp.receiveEmbedMessage,!1),l.addEventListener("DOMContentLoaded",function(){for(var e,t,s=l.querySelectorAll("iframe.wp-embedded-content"),r=0;r<s.length;r++)(t=(e=s[r]).getAttribute("data-secret"))||(t=Math.random().toString(36).substring(2,12),e.src+="#?secret="+t,e.setAttribute("data-secret",t)),e.contentWindow.postMessage({message:"ready",secret:t},"*")},!1)))}(window,document);
/* ]]> */
</script>

[mk_page_section][vc_column][mk_image src=&#8221;https://estheticaligner.com.co/portal/wp-content/uploads/aparelho.png&#8221; image_size=&#8221;full&#8221; align=&#8221;center&#8221;][mk_fancy_title color_style=&#8221;gradient_color&#8221; grandient_color_from=&#8221;#43a5f4&#8243; grandient_color_to=&#8221;#5a5ada&#8221; grandient_color_angle=&#8221;diagonal_left_bottom&#8221; grandient_color_fallback=&#8221;#5678dc&#8221; size=&#8221;32&#8243; txt_transform=&#8221;uppercase&#8221; font_family=&#8221;none&#8221; align=&#8221;center&#8221;]CASO CLÍNICO: Classe I esqueletal e biprotusão dentária[/mk_fancy_title][/vc_column][/mk_page_section][mk_page_section][vc_column][vc_row_inner][vc_column_inner width=&#8221;1/6&#8243;][/vc_column_inner][vc_column_inner width=&#8221;2/3&#8243;][mk_image_slideshow images=&#8221;1964,1970,1965,1966,1971,1972&#8243; image_width=&#8221;1200&#8243; image_height=&#8221;900&#8243;][mk_padding_divider][vc_column_text css=&#8221;.vc_custom_1518789429512{margin-bottom: 0px !important;}&#8221;] Descrição do Caso: Paciente portadora de Classe I esqueletal e biprotusão dentária. Caso tratado exclusivamente com os alinhadores da Esthetic Aligner. Note a grande mudança de ângulo intericisivo obtida [&hellip;]
